22747 - 20540. What is the remainder when l is divided by 6?
5
Suppose -g = -5*d - 66, 2*g = -10 + 12. What is the remainder when 145 is divided by (9 + -5 + -7)*d?
28
Suppose 0*v + 9*v = 18. Suppose -5*u = -v*p + 6*p + 6, -u - 2 = 0. Calculate the remainder when 32 is divided by (117/7)/p - (-6)/21.
15
Let c = -71 + 161. Let v = c - 88. Calculate the remainder when 15 is divided by 15*(30/25)/v.
6
Let h(o) = -o**3 - 30*o**2 + 32*o + 39. Let r be ((-31)/2)/(8/16). What is the remainder when 10 is divided by h(r)?
2
Suppose -6 = v - 1, p + 3*v + 1042 = 0. Let r = -965 - p. Calculate the remainder when 110 is divided by r.
48
Let z = 275 + -266. Let b(w) = -4*w - 15. Let u be b(-13). Calculate the remainder when 2 - u/(-1) - 3/(-1) is divided by z.
6
Calculate the remainder when 1060 is divided by (-1)/(4/6)*(1 - (-71)/(-3)).
6
Let u be (-2 - (-48)/18)*-48. Let r(s) = -s**3 - 32*s**2 + 6. What is the remainder when 59 is divided by r(u)?
5
Let j(a) be the second derivative of a**4/12 - 2*a**3/3 + 7*a**2/2 + 10*a. What is the remainder when (3 - (-530)/5) + -6 is divided by j(-5)?
51
Let t(z) = -z**3 + 19*z**2 + 3*z - 395. Calculate the remainder when t(16) is divided by 37.
14
Suppose -v - 4*v = 35. Let u(i) = 2*i**2 - i - 8. Let b(d) = -21*d**3 + 293*d**2 + 14*d + 25. What is the remainder when u(v) is divided by b(14)?
22
Suppose 11 = -16*m + 59. Let n = 79 - 45. Suppose m*u - 5*i = n, -2*i + 9 = -3*u + 28. What is the remainder when 25 is divided by u?
1
Let y(a) = a**2 - 29*a - 185. Let u be y(34). Calculate the remainder when ((-5)/u)/((-5)/(-1785)) is divided by 22.
9
Let n = 269 + 1321. Calculate the remainder when n is divided by 123.
114
Let p(t) = -3 + 0 - 15*t + 2 + 12. Let l be ((-32)/12)/((-4)/(-6)). Calculate the remainder when p(l) is divided by 15.
11
Suppose -m + 47 = 16. Calculate the remainder when -22*(2 - (-18)/(-12)) - (-7 + -77) is divided by m.
11
Suppose 443*k - 463*k + 5660 = 0. What is the remainder when 1719 is divided by k?
21
Let h(x) = x**2 - 8*x + 12. Let p be h(6). Suppose -3*f = -p*f. Suppose f = b + 3 - 11. What is the remainder when 15 is divided by b?
7
Let f(j) be the first derivative of 4*j**3/3 + 83*j**2/2 + 32*j + 222. What is the remainder when 170 is divided by f(-21)?
11
Suppose -4*n - i + 202 = 0, -8*i - 156 = -3*n - 11*i. What is the remainder when 313 is divided by n?
13
Suppose 5 + 73 = 2*q. Suppose -41*h = -q*h - 256. Suppose -5*a + 183 - h = 0. Calculate the remainder when 43 is divided by a.
10
Let p = -22 + 38. Suppose 0 = 5*r + 9*r - 406. Suppose 131 = 4*m - r. What is the remainder when m is divided by p?
8
Suppose 9*r + 62 = 107. Suppose 0 = -5*d - 5*g + 154 + 16, -r*d = 2*g - 161. Calculate the remainder when 118 is divided by d.
25
Let i(x) = 13*x**2 - x - 5. Let r be i(-2). Calculate the remainder when 22 is divided by 1/2 + r/14.
2
Let n = -2466 - -4744. Calculate the remainder when n is divided by 19.
17
Suppose -40 = -25*q + 20*q. Suppose 4*s + 148 = q*s. What is the remainder when s is divided by (-2 + 28)*(27/(-6) - -5)?
11
Let c(f) be the third derivative of -1/4*f**4 + 0*f - 1/120*f**6 + 0 - 2/3*f**3 - 4*f**2 - 1/15*f**5. Calculate the remainder when 26 is divided by c(-3).
1
Calculate the remainder when 4/(-3) + (-2641)/(-57) is divided by 36*18/12*11/(198/8).
21
Let t(z) be the second derivative of 5*z**4/12 - 13*z**3/6 - 54*z. What is the remainder when 44 is divided by t(3)?
2
Let z be (-7)/(((-2)/(-9))/(-2*1)). Let j(y) = 2*y + 38. Let d be j(-16). Calculate the remainder when 55 is divided by d/(-14) - (-468)/z.
6
Suppose 23*v - 10816 = -35*v + 6*v. Calculate the remainder when v is divided by 190.
18
Let n(j) = -2*j**3 - 214*j**2 - 422*j - 129. What is the remainder when n(-105) is divided by 29?
23
Let t = -6805 + 6894. Calculate the remainder when 373 is divided by t.
17
Let r be (-2 - -1)*(61 + 2). What is the remainder when 3 is divided by ((-2)/6)/(7/r)?
0
Suppose -25*d = -27*d + 180. Let h = 95 - d. Calculate the remainder when 33 is divided by h.
3
Let a = -43 + 73. Suppose -a = 7*o - 10*o. What is the remainder when (-58)/(-2) - 0 - 2 is divided by o?
7
Let i = -3 + -22. Let m = -22 - i. Suppose -78 = m*s - 9*s. What is the remainder when 42 is divided by s?
3
Let k = 4715 + -4278. Calculate the remainder when k is divided by 213.
11
Suppose -10*h - 589 = 5*o - 9*h, -5*o - 3*h = 587. Let u = 543 - 308. Calculate the remainder when u is divided by 1*(-3)/(-18)*o*-3.
58
Let r = -13963 - -13972. Suppose 2*u - 4*x = 310, -5*x + 99 + 35 = u. What is the remainder when u is divided by r?
5
Let l(j) = -37*j**3 - 7*j**2 - 18*j + 8. Calculate the remainder when l(-5) is divided by 41.
38
Suppose 5*l + 10 = 0, -l - 370 = -f - 3*f. Let j = 4931 - 4919. What is the remainder when f is divided by j?
8
Let r = 1898 + -1671. Calculate the remainder when r is divided by 11.
7
Suppose -70 = -5*k + 5. Let b(m) = -20*m - 2348. Calculate the remainder when b(-124) is divided by k.
12
Let u = 1 - -1. Suppose -8*o = -4 - 4, w + 4*o = 181. Suppose 3*q = -4*d + 109, 7*q + u*d = 2*q + w. Calculate the remainder when q is divided by 6.
5
Let q(r) = 3*r**2 + 24*r + 101. What is the remainder when 241 is divided by q(-7)?
1
Suppose 2*v = 3*y + 268, 0 = 5*v + 21*y - 17*y - 647. Let h = -113 + v. What is the remainder when 26 is divided by h?
8
Suppose -1 = -7*h - 15. Let g be ((-16)/20 - h)/((-3)/50). Calculate the remainder when 155 is divided by (-312)/(-20)*g/(-8).
38
Suppose 5*j - 38 = 42. Let l = 14 + j. Suppose 2567920*p + 836 = 2567996*p. Calculate the remainder when l is divided by p.
8
Suppose 5*d = 3*h + 14 + 134, 0 = -5*h - 5. Let f(g) = 27*g + 346. Calculate the remainder when f(-11) is divided by d.
20
Suppose 416*u = 419*u - 378. Let o = 51 - 25. What is the remainder when u is divided by o?
22
Let u(o) = 4*o - 55. Let p be u(8). Let f(n) = -n**3 - 23*n**2 - 2*n + 50. Calculate the remainder when 182 is divided by f(p).
86
Let x = 151 + -45. Suppose 96*u - x*u + 2980 = 0. Calculate the remainder when u is divided by 43.
40
Let v = -44 + 70. Suppose 1427*o - 1454*o + 2646 = 0. What is the remainder when o is divided by v?
20
Suppose -2*g = 4*l - 142, -88*g + 84 = 3*l - 89*g. What is the remainder when 4866 is divided by l?
30
What is the remainder when 1243 is divided by ((-6)/8*1)/((-84)/(-700))*-4?
18
Suppose 4*o - 179 = 5*a + 262, o = -3*a + 89. Calculate the remainder when o is divided by 13.
0
Let s be (16/(-3))/((-56)/(-420)). Let w be 0*5*(-4)/s. Suppose -22 = -4*p + 2*f, -4*f + f - 3 = w. Calculate the remainder when 11 is divided by p.
1
Calculate the remainder when -255*12/(-216)*102 is divided by 181.
178
What is the remainder when 4497 is divided by 3*(-33)/((-891)/180)?
17
Let m = -42 + 50. Let y(t) = m + 2*t + 0*t - 3*t + 0*t. Calculate the remainder when y(-10) is divided by 10.
8
Suppose 92*y - 23*y = 138. Let l be 24 + -1 + 0 - 1. Suppose y*b - l = b. Calculate the remainder when b is divided by 8.
6
Suppose 264 + 163 = 2*x + w, -3*w + 1069 = 5*x. What is the remainder when x is divided by 63?
23
Let q(a) = -62*a + 61. Let f(o) = 94*o - 92. Let w(u) = 5*f(u) + 7*q(u). Calculate the remainder when w(4) is divided by 20.
11
Calculate the remainder when 107 is divided by 27/12 - (-1870)/136.
11
Suppose -12*u + 41 = 29. Calculate the remainder when 159 is divided by (-5 + u - -5)*8*2.
15
Let v = -2855 + 3082. What is the remainder when 2717 is divided by v?
220
Suppose 0 = 147*y - 148*y + 177. Suppose 8*i = 159 + y. Calculate the remainder when i is divided by 33.
9
Suppose -12*y = -5484 + 38448. Suppose 23 = a + 4*p, 3*a - 2*p = -21 + 146. Calculate the remainder when a is divided by (-6)/16 - y/328.
7
Let h = 5924 - 5851. Calculate the remainder when 1047 is divided by h.
25
Suppose -34 = -0*f - 2*f. Suppose -2*k + 167 + 2288 = -q, 20 = 4*q. Suppose 24*u = 714 + k. What is the remainder when u is divided by f?
13
Let m = 453 + 307. Suppose -6*w + m = 2*w. Calculate the remainder when w is divided by 10.
5
Let n(i) = -99*i + 616. What is the remainder when 954 is divided by n(6)?
8
Suppose -2*j = 2*j + 4*h + 400, -3*h = -4*j - 400. Let z = 618 - 827. Let s = j - z. Calculate the remainder when s is divided by 28.
25
Let v = -256 + 423. Let u = v - 85. Calculate th